 + 536*b + 2627. Give c(-5).
-28
Let b(g) = -g**3 - 128*g**2 + 251*g + 193. What is b(-130)?
1363
Let j(u) = -4585*u + 120602. What is j(26)?
1392
Let f(v) = v**2 - 830*v - 77772. Determine f(-85).
3
Let y(t) = 350*t - 30883. Calculate y(89).
267
Let l(z) = -111*z**2 + 630*z - 745. What is l(4)?
-1
Let a(h) = 9*h**3 + 191*h**2 + 745*h - 47. Calculate a(-4).
-547
Let u(d) = -d**3 - 44*d**2 + 694*d - 120. What is u(-56)?
-1352
Let b(l) = 6*l**3 + 390*l**2 + 519*l + 33729. Calculate b(-65).
-6
Let b(o) = 23156*o + 1921871. Calculate b(-83).
-77
Let g(j) = -3*j**3 + 14*j**2 + 53*j + 9. What is g(9)?
-567
Let m(o) = -3435*o + 34341. What is m(10)?
-9
Let q(w) = -13*w**2 - 2005*w - 24256. Give q(-141).
-4
Let c(r) = -23*r**2 - 8552*r + 8548. Determine c(1).
-27
Let n(v) = -2*v**3 + 52*v**2 - 49*v + 2801. Calculate n(27).
20
Let d(b) = b**3 - 70*b**2 + 187. What is d(70)?
187
Let m(s) = -s**2 + 594*s + 4803. Determine m(-8).
-13
Let o(t) = -4*t**3 - t**2 + 1187*t + 2379. Calculate o(-2).
33
Let y(w) = 16489*w + 148490. Determine y(-9).
89
Let g(l) = l**3 + 15*l**2 - 7*l - 201. Give g(-19).
-1512
Let x(p) = 697*p - 1915. What is x(3)?
176
Let i(k) = -3*k**2 + 216*k + 13728. Determine i(115).
-1107
Let y(j) = j**2 - 21425*j + 18256507. Calculate y(889).
3
Let s(j) = 2*j**3 + 16*j**2 - 21*j - 157. Calculate s(-3).
-4
Let t(s) = -5*s**2 + 1965*s + 1514. Give t(394).
-456
Let q(r) = -r**2 - 84*r + 27. Determine q(-88).
-325
Let r(n) = -n**2 + 3572*n + 628321. Give r(-168).
1
Let c(s) = 29529*s + 354219. Determine c(-12).
-129
Let g(r) = -r**2 + 4234*r - 992276. What is g(249)?
-11
Let q(j) = 87*j + 10475. What is q(-120)?
35
Let y(u) = -446*u - 57094. Calculate y(-128).
-6
Let u(r) = 2546*r + 299311. Give u(-118).
-1117
Let q(d) = -d**2 + 670*d + 50183. Calculate q(-68).
-1
Let b(l) = -12678*l - 2535598. Determine b(-200).
2
Let l(p) = p**3 + 196*p**2 + 2227*p + 238. Calculate l(-12).
10
Let u(k) = 8*k**3 + 680*k**2 - 4*k - 368. Calculate u(-85).
-28
Let j(a) = a**3 + 67*a**2 + 838*a - 320. Give j(-50).
280
Let y(t) = -t**3 + 48*t**2 - 456*t - 197. Determine y(36).
-1061
Let w(l) = -55*l**2 + 227*l + 165. Determine w(-6).
-3177
Let f(k) = k**3 - 552*k**2 + 75*k - 41460. What is f(552)?
-60
Let m(f) = -103490*f + 1552426. Determine m(15).
76
Let n(d) = -63417*d + 253851. Give n(4).
183
Let f(i) = -47*i**2 + 14110*i - 165318. What is f(288)?
-6
Let w(s) = -s**3 + 286*s**2 + 888*s - 5912. Give w(289).
157
Let c(d) = -22*d**2 + 2652*d + 326. Calculate c(123).
-6316
Let f(k) = 35*k**3 - 1704*k**2 - 545*k + 300. Calculate f(49).
6
Let n(b) = 143*b + 663. What is n(13)?
2522
Let o(g) = g**3 + 283*g**2 + 411*g + 36136. Determine o(-282).
-242
Let o(u) = 4*u**3 - 856*u**2 - 51*u + 10928. Give o(214).
14
Let z(y) = 1749*y + 18490. What is z(-11)?
-749
Let r(t) = -2*t**3 + 423*t**2 + 210*t + 467. Calculate r(212).
43
Let u(k) = -10770*k - 183089. Give u(-17).
1
Let i(k) = 2*k**2 + 72*k - 549. Give i(6).
-45
Let o(y) = -y**3 + 246*y**2 - 475*y - 1574. What is o(244)?
1598
Let i(k) = k**2 + 106*k + 1429. Give i(-46).
-1331
Let l(v) = v**3 + 78*v**2 - 1614*v + 235. What is l(-95)?
140
Let o(w) = w**3 - 332*w**2 + 4135*w + 3819. Give o(319).
-9
Let n(v) = -9608*v + 20458. Determine n(2).
1242
Let q(p) = -52506*p - 2205245. Give q(-42).
7
Let d(j) = 40564*j - 446190. Calculate d(11).
14
Let d(u) = 15243*u - 106049. What is d(7)?
652
Let a(w) = 143*w**2 + 824*w + 1651. What is a(-2)?
575
Let t(k) = 27725*k**2 - 138605*k - 96. Calculate t(5).
4
Let j(b) = -248*b - 12777. What is j(-55)?
863
Let r(n) = -n**3 - 515*n**2 - 29622*n + 797. Calculate r(-66).
5
Let l(t) = 7*t**2 - 17252*t - 576934. Determine l(-33).
5
Let q(b) = 7*b**3 - 229*b**2 - 64*b - 27. What is q(33)?
39
Let w(s) = -198*s**2 + 967*s - 72. Determine w(5).
-187
Let n(i) = -315*i - 977. What is n(-3)?
-32
Let a(w) = -w**3 - 82*w**2 + 2965*w - 450. Calculate a(27).
144
Let n(d) = -d**3 + 8*d**2 + 89*d + 174. Calculate n(-6).
144
Let q(y) = 3*y**2 + 221*y - 870. Give q(4).
62
Let y(h) = -h**3 + 35*h**2 + 661*h + 1128. Calculate y(49).
-97
Let c(a) = -a**3 - 129*a**2 + 80*a - 6476. Determine c(-130).
24
Let k(h) = 21*h**2 - 4988*h + 29170. Calculate k(6).
-2
Let s(y) = -309*y - 23842. Calculate s(-76).
-358
Let t(k) = -3*k**2 - 4778*k + 19208. Calculate t(4).
48
Let w(h) = 980*h - 23. What is w(0)?
-23
Let r(j) = j**2 - 83*j + 1277. Calculate r(20).
17
Let x(v) = -1309*v + 4302. Calculate x(3).
375
Let b(i) = -8*i**2 + 7357*i - 261241. What is b(37)?
16
Let g(k) = -660*k**2 + 15850*k - 229. Determine g(24).
11
Let g(w) = -905*w + 20995. Determine g(24).
-725
Let d(q) = 9141*q + 1334666. Give d(-146).
80
Let s(i) = 4*i**3 + 46*i**2 + 735*i + 7877. Calculate s(-11).
34
Let u(m) = -m**3 + 3*m**2 + 448*m + 171. Determine u(23).
-105
Let w(t) = -3*t**2 - 904*t - 59995. Give w(-99).
98
Let d(n) = -38*n**2 + 526*n - 1804. Determine d(8).
-28
Let h(r) = 4*r**3 - 4616*r**2 - 46562*r - 18. Determine h(-10).
2
Let u(i) = i**3 - 47*i**2 + 336*i - 152. Determine u(39).
784
Let l(m) = 440*m**3 - 28156*m**2 - 242*m - 897. Determine l(64).
-1
Let y(d) = 25*d**3 - 43*d + 58. Calculate y(0).
58
Let f(a) = a**3 + 1221*a**2 + 335654*a + 9. Give f(-418).
9
Let w(o) = 84*o**2 + 95*o + 3. Calculate w(-3).
474
Let g(y) = -116*y**2 + 266*y - 269. Determine g(1).
-119
Let l(g) = 2*g**3 - 755*g**2 + 1398*g - 101522. Determine l(376).
-2
Let z(r) = r**3 - 78*r**2 - 2322*r - 106. Give z(101).
-5
Let w(q) = q**3 - 52*q**2 + 345*q + 30. Calculate w(8).
-26
Let m(x) = 456*x - 115369. What is m(253)?
-1
Let j(o) = 1808*o - 222346. What is j(123)?
38
Let s(d) = -8000*d - 2455999. Calculate s(-307).
1
Let x(a) = 2*a**2 - 1777*a - 563754. Determine x(-248).
-50
Let y(v) = -1261*v**2 + 132. Determine y(0).
132
Let g(b) = 108*b**2 - 601*b + 13. Calculate g(5).
-292
Let s(d) = -114356*d - 800521. Calculate s(-7).
-29
Let a(u) = 11907*u - 71536. Give a(6).
-94
Let j(p) = -375*p**2 - 3756*p - 78. Determine j(-10).
-18
Let b(r) = -233*r + 1969. Determine b(-4).
2901
Let x(f) = 10746*f - 365363. Determine x(34).
1
Let d(r) = r**3 - 107*r**2 + 2041*r + 742. Determine d(82).
4
Let o(z) = 294*z - 7411. Determine o(30).
1409
Let k(n) = -n**3 + 161*n**2 + 7800*n - 4. Calculate k(-39).
-4
Let t(m) = 5604339*m + 95273757. Determine t(-17).
-6
Let h(l) = 151*l**2 + 106*l - 209. Give h(2).
607
Let d(j) = -2*j**2 + 64*j + 5025. Determine d(-41).
-961
Let k(p) = -16024*p + 3989973. Determine k(249).
-3
Let i(t) = 1512*t + 99775. Determine i(-66).
-17
Let u(l) = 556*l - 194614. Give u(350).
-14
Let j(m) = 2*m**3 + 267*m**2 - 1189*m + 7315. Calculate j(-138).
1
Let o(t) = 12*t**2 + 268*t - 185. What is o(-24)?
295
Let l(a) = -a**2 + 390*a - 17329. Calculate l(51).
-40
Let v(i) = i**3 + 65*i**2 + 716*i + 2165. Determine v(-7).
-5
Let k(p) = -1039*p + 37895. Determine k(36).
491
Let a(k) = 54064*k - 3676436. Calculate a(68).
-84
Let l(k) = -158*k + 145. What is l(2)?
-171
Let l(w) = w**3 - 34*w**2 + 53*w + 393. Calculate l(7).
-559
Let o(s) = s**3 - 27*s**2 - 43274*s + 3134. Give o(-195).
14
Let x(u) = -203*u**3 + 5*u**2 - 12*u + 11. Calculate x(2).
-1617
Let q(h) = 2*h**2 + 85128*h - 425685. Give q(5).
5
Let h(l) = 17*l**2 + 210*l + 25. Calculate h(-7).
-612
Let a(q) = -q**3 - 829*q**2 - 8706*q + 238853. Determine a(-818).
-3
Let f(m) = -7*m**3 + 22*m**2 + 160*m + 115. Determine f(-5).
740
Let u(v) = -56*v - 4285. Calculate u(-76).
-29
Let f(x) = -313*x**2 + 2510*x - 92. What is f(8)?
-44
Let j(t) = t**2 - 1025*t - 37109. Determine j(-35).
-9
Let h(o) = -o**3 + 5*o**2 + 54*o + 4. Determine h(14).
-1004
Let x(i) = -114082*i + 342243. Determine x(3).
-3
Let f(n) = 47*n**2 + 454*n + 75. Calculate f(-8).
-549
Let j(z) = 11430*z - 11758. Give j(1).
-328
Let c(l) = -l**2 + 192720*l - 1541729. What is c(8)?
-33
Let h(v) = 9*v**3 + 11*v**2 + 202*v + 372. Calculate h(-2).
-60
Let h(n) = 11*n**2 - 167*n - 3084. Determine h(26).
10
Let z(l) = -l**3 + 136*l**2 + 2946*l + 97. Give z(-19).
78
Let u(r) = 2*r**3 - 454*r**2 + 10062*r + 7687. Give u(202).
11
Let n(c) = -5*c**3 + 417*c**2 - 2106*c + 25. Determine n(78).
25
Let f(b) = -6804*b + 162481. Determine f(24).
-815
Let i(s) = 70*s - 4428. Calculate i(62).
-88
Let v(r) = -90*r**2 - 1127*r - 8098. Give v(-7).
-4619
Let p(q) = 